a**3. What is x(-9)?
0
Let d(x) be the first derivative of 22*x - 3/2*x**2 + 17 + 1/2*x**3. Let c(v) be the first derivative of d(v). Determine c(4).
9
Suppose 4*o - m - 12 = m, -2 = 3*o + 4*m. Let b(p) = 61*p - 4*p**3 + 5*p**2 - 62*p - p**o + 3*p**3. Calculate b(4).
-4
Suppose -4*b + 13 = 13. Suppose -8*h + 5*h + 3 = b. Let w(c) be the third derivative of 7*c**4/24 - c**3/6 - c**2. Determine w(h).
6
Suppose -35*k = k - 216. Let t(v) = -v + 1. Let q(c) = c**2 + 2*c - 13. Let l(r) = -q(r) - 6*t(r). What is l(k)?
-5
Let w(q) = 9*q**2 - q. Let k be (-1 + 1)/(-6 - -5). Suppose k = 3*x - 3 - 9. Suppose -p + 4*p + 17 = -x*u, 2*p - 27 = 5*u. Determine w(p).
8
Let i(x) = -12*x**3 + 12*x**2 - 6*x. Let l(k) = 11*k**3 - 10*k**2 + 5*k - 1. Let c(n) = 6*i(n) + 7*l(n). Give c(-2).
-37
Let j be 11*(-9 + 3)*(-18)/(-4). Let s = 289 + j. Let n(y) = -y**2 - 7*y + 8. Give n(s).
0
Let n(p) be the first derivative of 7/3*p**3 + 1/2*p**2 + 93 + 0*p. What is n(1)?
8
Let w be 14824/(-2507) + 4/(-46). Let t(n) = 3*n**2 + 21*n - 1. Calculate t(w).
-19
Let v(n) = 3*n**2 + n - 2. Let q be (7*(-6)/15)/(27/(-270)). Let w(x) = x**2 - 22*x - 167. Let y be w(q). What is v(y)?
2
Let w be -16*(125/(-20) - -6). Suppose 5*i - 25 = 0, 2*i + 2 = 3*k - 3. Let a(f) = f**3 + 1 - 3 - 2 + 5*f - k*f**2 - 1. Determine a(w).
-1
Let w(h) = -3*h + 31. Let p be w(8). Let n(x) = -x**2 + 7*x - 4. Let k be n(p). Let v = 1 + k. Let l(y) = y**3 + 3*y**2 + y + 2. Give l(v).
-1
Suppose 2*v + 81*q - 86*q = 22, -2*q - 28 = -4*v. Let b(z) = 3*z**3 - 19*z**2 + 9*z - 14. Calculate b(v).
4
Suppose u - 81 + 82 = 0. Let c be (6/(-4))/u*(-16)/(-3). Let r(g) = 30 - 60 + g**2 + 29 - c*g. Give r(6).
-13
Suppose 22*j + 2*p - 26 = 20*j, 0 = -5*p + 10. Let k(h) = -14*h + 156. Calculate k(j).
2
Let u(h) = 2*h**2 - 3113*h + 1039*h - 2 + 1039*h + 1035*h - 72*h**3. What is u(-1)?
72
Let d(k) = -159 - 29*k**3 - 5*k + 28*k**3 + 6*k**2 + 157. Suppose 11*f = 7*f + 16. Give d(f).
10
Let j(x) be the third derivative of x**6/240 - x**5/24 - x**4/12 - 89*x**3/6 + x**2 + 2*x. Let l(t) be the second derivative of j(t). Determine l(-7).
-26
Suppose 0 = -b + 7, 0 = 3*u - 5*b + 59. Let t(g) = g**3 + 8*g**2 - 8*g + 2. What is t(u)?
66
Let q(r) = -r**2 + 17*r - 29. Suppose -15*z = 15*z - 156 - 234. Determine q(z).
23
Let o(r) = r**3 + 9*r**2 - 21*r - 8. Let k be (-63)/(-18)*88/(-28). Determine o(k).
-19
Let q(r) = -3389*r + 76. Let m(i) = -701*i + 15. Let c(o) = -29*m(o) + 6*q(o). Calculate c(7).
-14
Let s(o) = -o**3 - o**2 + o + 1. Let a(v) = v**3 + 6*v**2 + 5*v + 2. Let y be a(-5). Suppose -y*j + 7 + 3 = 3*u, 0 = -5*u - j + 12. Give s(u).
-9
Let p(l) be the third derivative of 0*l - 4 + 11*l**2 + 1/6*l**3 - 1/60*l**5 - 1/6*l**4. Determine p(-4).
1
Let r be (-6 + 5 + 2)/1 + -4. Let w(i) be the first derivative of -i**4/8 - i**3/6 - i**2/2 - 1. Let b(v) be the second derivative of w(v). Give b(r).
8
Let a(n) = -2*n**3 + 3*n**2 - 6*n + 16. Suppose 0 = 4*m - 4*l + 4, -32*l + 34*l - 11 = -m. Calculate a(m).
-29
Let i(z) = -z + 3. Let g(o) = -o**3 - 7*o**2 + 5*o - 26. Let t be g(-8). Let d be (-1)/((-55)/(-25) + t). What is i(d)?
8
Suppose 4*h - 54 = -2*m, -3*h = 2*m + 20 - 59. Suppose z - r = -4*r + h, -z = -4*r + 13. Let x(u) = -2 - z + 2*u - u**2 + u + 9. Calculate x(5).
-6
Let g(t) be the first derivative of t**4/24 + t**3 - 117*t**2 + 81. Let c(u) be the second derivative of g(u). Let x = 13 - 21. Calculate c(x).
-2
Suppose -426*t + 18 = -417*t. Let k(l) = -3*l**3 - 3*l**2 + 7*l - 1. Let j(f) = f**3 - f. Let w(g) = 5*j(g) + k(g). Give w(t).
7
Let x(h) = -h**2 - 190234*h + 95115*h + 95120*h - 2*h**3. Calculate x(-2).
10
Let o(y) = y**2 - 15*y + 12. Suppose 41 = 4*t - b, 3*b = 4*t - 26 - 9. What is o(t)?
-32
Let v(u) = u**3 - u**2 - 10. Let i(d) be the first derivative of d**3/3 + 17*d**2/2 + 21*d + 23. Let p be i(-10). Let l = 49 + p. Calculate v(l).
-10
Let z be (-50)/8 - 1/(-4). Let i be z/(6 - 3)*2. Let c(x) be the third derivative of -x**5/60 - 7*x**4/24 - x**3 + 870*x**2. Give c(i).
6
Let f(x) be the second derivative of -x**5/12 - x**4/24 + x**3/6 + 4*x**2 + x. Let j(h) be the first derivative of f(h). Suppose w - 3 = -2*w. Determine j(w).
-5
Let l(x) = 11*x - 2*x**3 - 9*x**2 - 6 + 14*x - 31*x + x**3 - 8. Give l(-8).
-30
Let a(n) be the third derivative of 7*n**6/120 + n**5/15 + n**4/8 + n**3/6 + 185*n**2 - 3. Determine a(-1).
-5
Let x(q) = -q**2 + 5*q + 4. Let c(u) = u + 5 + u**2 - 10 - 6*u. Let w(a) = -4*c(a) - 3*x(a). Suppose -4*b = -4*i + 40, i + b + 11 = 13. Calculate w(i).
2
Let k(d) = -d**3 - 8*d**2 + d + 3. Let v = 51 + -188. Let m = v - -102. Let w be (112/m)/((-2)/(-5)). Calculate k(w).
-5
Let a(f) = -3*f**2 - 12*f - 5. Let j be a(-3). Let r(b) = 25 - 5 - 3*b - 9 - 4 - j. Calculate r(5).
-12
Let i(p) = p**3 - 4*p**2 - 7*p. Let g(a) = a**3 - 11*a**2 + 25*a - 56. Let l be g(9). Determine i(l).
98
Let a(c) = c - 4*c + 4*c + 19. Let k be 72/42*((-294)/9)/(-7). Let w be (-4)/8 - (44/k - 6). Determine a(w).
19
Let n(t) = 4*t**2 + 67*t - 16. Suppose 18*b + 286 - 35 = -55. Give n(b).
1
Let v(u) = -5*u**3 + 5*u**2 - u + 48. Let j(p) = 2*p**3 - 4*p**2 + p - 3. Let w(f) = 2*j(f) + v(f). Calculate w(0).
42
Let t(l) be the first derivative of 11*l**2/2 + 7*l - 87. Let z be t(-1). Let x(s) = -s. Give x(z).
4
Let r(s) be the second derivative of s**4/4 + 5*s**3/6 + s**2 - 83624*s. Let y = -8 - -5. What is r(y)?
14
Let d(h) = h**3 - 5*h**2 + 2*h + 4. Suppose -5*m + 9*m - 3*w + 19 = 0, 0 = -5*m + 4*w - 24. Let u be (-4)/3*2*12. Let n be ((-2)/m)/(((-28)/u)/7). Give d(n).
-4
Suppose -33 - 47 = 8*f. Let i(r) = 2*r + 15. Let u(d) = 3*d + 23. Let z(b) = 8*i(b) - 5*u(b). Calculate z(f).
-5
Let r(x) = -x**3 - 31*x**2 - 62*x - 115. Suppose -14*h + 280 = 67 + 619. Calculate r(h).
1
Suppose 3*f = 3*y - 2*y - 130, 2*y = -4. Let i = 37 + f. Let v(c) = c**3 + 6*c**2 - 8*c + 4. Calculate v(i).
11
Let y(u) = -11*u**2 - 2*u - 1. Let f(n) = n + 12. Let m(t) = -t**2 + 2*t + 18. Let r be m(6). Let w be f(r). Let p be (0 - -2) + w + -9. Calculate y(p).
-10
Suppose -l = -3*s + 16 - 33, -5*s - 27 = -l. Let g(c) = -c - 18. Determine g(s).
-13
Let p(y) be the second derivative of 0 + 1/6*y**3 + 49*y + 4*y**2. Determine p(0).
8
Let k(t) = t**3 - 6*t**2 - 8*t + 2. Let n(i) = i**2 - 21*i + 61. Suppose h - 2*q - 7 = 3, -q = -h + 14. Let x be n(h). Determine k(x).
-5
Let o(p) = 2*p - 17. Let b(z) = -z + 39. Let c(t) = 2*b(t) + 3*o(t). Determine c(-3).
15
Let t(l) = -l**2 + 4*l + 26. Suppose -r + 3 = -4*r, r + 9 = v. Let a be t(v). Let p(n) = -3*n - 4. What is p(a)?
14
Let p(r) = r**2 + 11*r + 29. Suppose -5*n = -3*m + 19, 21*n = 20*n + 3*m + 1. Give p(n).
-1
Suppose -5*h - 12 + 42 = 0. Let k(q) = -4*q**2 + h*q**2 - q**2 + 4 - 3*q. Let z be -2*5*(1496/(-85) + 18). What is k(z)?
32
Let y(b) be the second derivative of b**5/20 - 13*b**4/12 + b**3/3 - 3*b**2 - 4*b + 127. Calculate y(13).
20
Let d = -4270 - -4257. Let b(c) = c**3 + 14*c**2 + 10*c - 27. Give b(d).
12
Suppose -5*z + 2 = c, 5*c - 16 + 6 = -4*z. Suppose c*r + 1 = -9. Let t(b) be the third derivative of -b**4/24 - 2*b**3/3 + b**2. Calculate t(r).
1
Suppose -v - w = -15, 80*w - 43 = -3*v + 79*w. Let m(p) = -2*p**3 + 26*p**2 + 33*p - 14. What is m(v)?
56
Let v(b) = b**3 - 6*b**2 + 7*b - 36. Suppose -13*r = -32933 + 32855. Determine v(r).
6
Let t(r) = 29*r - 45. Let s(u) = -192*u + 272. Let h(n) = 2*s(n) + 13*t(n). Determine h(-4).
-13
Let n = 1880 - 1159. Let i = n + -717. Let g(o) = -4*o**2 - 9*o. Let f(p) = 5*p**2 + 10*p + 1. Let w(v) = -5*f(v) - 6*g(v). Give w(i).
-5
Let v = 48 - 45. Let y(o) = -40*o**v - 4*o**2 + 4 + 41*o**3 - 2*o**2 - 7*o + 4. What is y(7)?
8
Let n(o) = -3*o**3 - o**2 - o - 28. Let t(k) = k**2 + 64*k + 583. Let f be t(-11). What is n(f)?
-28
Let z(a) be the first derivative of -78 + 5/2*a**2 - 11*a. Give z(8).
29
Let o be (-6 + 2 - -20)*2 + -5. Let i be o/(-6)*2/(-3). Let x(f) = -2*f + 3. Calculate x(i).
-3
Let p(k) = k - 26. Let a be (-2)/9 - 616/63. Let x be 330*((-55)/a + -5). Let j be 4/14 + -5 + x/35. Give p(j).
-26
Let f(z) = -2*z**3 + 4*z + 3. Suppose -o = 5*j - 2*o - 13, -4 = -4*j + 4*o. Let k be ((-2)/j)/((-23)/(-69)). Give f(k).
11
Let p(r) = -r**3 - 32*r**2 + 71*r + 100. Let n be p(-34). Let o(v) = 11*v + 3. Give o(n).
-19
Let w(k) = 8*k**2 + 87*k - 8. Let v be w(-11). 